 = -118*z - 8. Let y be b(-2). What is the greatest common factor of t and y?
76
Let r = -71 - -265. Let d = r - 186. Let v(g) = 13*g - 4. Let s be v(4). What is the highest common factor of d and s?
8
Let l = -12 - -14. Suppose 0 = -4*k + 4*m + 124, -l*k = -3*k - m + 25. What is the highest common divisor of 28 and k?
28
Let h(b) = -b + 9. Let d be h(4). Suppose -3*v - d*f + 33 = 0, -f = -2*v + f + 22. Let r = v - 7. Calculate the greatest common factor of r and 12.
4
Let b be (-1)/(-4) - 165/(-40)*46. Suppose -5*u + 20 = b. Let v = u - -47. What is the greatest common factor of v and 91?
13
Suppose 4854 = 14*f - 12814. Suppose 9*i - f = 2104. What is the highest common factor of i and 44?
22
Suppose 61 = -3*l - 2. Let a = l + -22. Let h = a - -70. What is the greatest common divisor of 54 and h?
27
Suppose b + 15*h - 13*h = 576, -1110 = -2*b + 3*h. What is the highest common factor of 24 and b?
12
Let p be 30/(-100) - 265452/(-40). Calculate the greatest common divisor of p and 336.
84
Let x be 6*(51/9 + 2)/((-35)/(-105)). Calculate the greatest common factor of 1541 and x.
23
Let u be (5*(-582 + 1))/(323/57 - 6). Calculate the greatest common divisor of 105 and u.
105
Let h be (-10)/20*(5 - 233). What is the greatest common divisor of 732 and h?
6
Let b(n) = 8*n**2 - 4*n + 6. Let o be b(3). Let k = 72 - o. Suppose -1 = 5*i - k*i. What is the highest common divisor of 7 and i?
1
Let h = -19261 + 19269. Let w(r) = -r**3 + 10*r**2 - 8*r. Let s be w(9). Suppose -k - s = -49. What is the highest common divisor of k and h?
8
Let d be (-17 + 1313/91)*-91. Calculate the highest common divisor of 42 and d.
6
Let j(o) = 8*o**2 - 60*o + 137. Let f be j(6). What is the highest common divisor of f and 3146?
13
Let l(f) = -2*f**2 + 137*f + 14685. Let r be l(-58). Let j = 99 + -22. Calculate the greatest common factor of j and r.
11
Let o = -13436 - -13582. What is the greatest common divisor of o and 11534?
146
Let p = -512 + 508. Let m be 5 + 28/p + 40. What is the greatest common divisor of 19 and m?
19
Let k(g) = 4*g - 19. Let c(u) = -3*u + 18. Let h(s) = 3*c(s) + 2*k(s). Let w be h(3). What is the highest common divisor of 637 and w?
13
Suppose 31*f = -3*f + 44506. What is the highest common factor of f and 693?
77
Let v(n) = -3*n**2 + 53*n + 8. Let c be v(7). Calculate the highest common divisor of 52 and c.
4
Suppose 480 = 3*f + 4*b, -5*f + 2*b + 210 + 590 = 0. What is the highest common factor of 1480 and f?
40
Let b = -280 - -133. Let g = b - -193. What is the greatest common factor of g and 23?
23
Let o(l) = l**3 + 6*l**2 - 8*l - 7. Let g be o(-7). Suppose 21*f - 25*f + 476 = g. What is the greatest common factor of f and 34?
17
Suppose 750106 = 146*u - 2736812. What is the greatest common factor of 19 and u?
19
Suppose 27 = -s + 2*s. Let i be 6/(-162)*6 - (-731)/9. Calculate the highest common factor of s and i.
27
Suppose -328 = -2*l + 3*o + 1, -182 = -l + 4*o. What is the greatest common divisor of 840 and l?
14
Suppose -14*x - 18576 = -57*x. Calculate the highest common factor of x and 1080.
216
Suppose t - 3 = 4*t - 3*w, -4*t - 2*w + 20 = 0. Suppose -126 = -2*h + 4*y, 79 = t*h - 4*y - 102. What is the highest common factor of h and 15?
5
Let w be 428 - -1*(-7 - -5) - 1*-6. Calculate the highest common factor of 624 and w.
48
Suppose h + 0*h - 15 = -3*x, -4*h = -12. Let z be (x/(-18))/(2/(-18)). Let j be (z/4)/(1/260). What is the highest common divisor of j and 26?
26
Suppose -14 = -3*a + 40. Suppose s = 5*j + 819, 810 = -108*s + 109*s - 4*j. Calculate the greatest common factor of s and a.
18
Suppose -2*r = -5*r + 6. Suppose -r = c - 98. Suppose 18*n = 383 + 49. What is the greatest common factor of c and n?
24
Let v be (18/(-5))/(36/(-60) - (-8)/40). What is the highest common divisor of 246 and v?
3
Let x = 81 - 80. Let v(w) = 62*w + 10. Let z be v(x). What is the highest common divisor of z and 8?
8
Let g(s) = -40*s - 21*s - 4*s - 36 - 13*s. Let o be g(-2). Suppose -44 + 4 = -5*b. Calculate the highest common factor of o and b.
8
Suppose 3*n + 366 = 3*t, 596 = -11*t + 16*t + 2*n. Calculate the highest common factor of t and 420.
60
Suppose -4*f + 324 = -5*q, q = -4*q - 20. Suppose 5*w = 66 - f. Let m be (-1)/w - ((-225)/10)/5. What is the highest common divisor of 40 and m?
5
Let m(c) = c**2 - 11*c + 26. Let o be m(9). Suppose f = -3*h + 67, 5*h + o*f - 105 = 5*f. Calculate the greatest common factor of h and 372.
12
Suppose -175*v = -54 - 129 - 2092. Calculate the greatest common divisor of 6526 and v.
13
Let k(t) = 6*t - 25. Let f be k(5). Let r(a) = -2*a**3 + 10*a**2 + 5*a - 11. Let x be r(f). What is the highest common divisor of 112 and x?
14
Let s(j) = -37*j - 78. Let f be s(-2). Let t be f*(2/(-4))/((-6)/(-738)). Calculate the greatest common factor of 41 and t.
41
Let p(r) = 58*r + 2424. Let t be p(-33). Calculate the highest common factor of t and 240.
30
Let d be 15/10 + 16740/40. Let g = 8 + 20. Calculate the greatest common divisor of d and g.
28
Let z(j) = -9*j**3 - 204*j**2 + 33*j - 210. Let u be z(-23). What is the greatest common factor of 8 and u?
2
Let n = 10053 - 9981. What is the highest common divisor of n and 9?
9
Let y = 266 - 190. Let s(h) = 2*h**2 - 10*h + 10. Let f be s(-6). Suppose -9*a + f = -200. What is the highest common divisor of a and y?
38
Let u be 1*2312/12*3. Suppose -4*i - w + 63 = 0, -i + w = 3*w - 7. What is the highest common factor of u and i?
17
Let b be ((-3)/2)/(15/(-220)) + -2. Suppose 88 = 27*x - b. Calculate the greatest common divisor of 28 and x.
4
Suppose -33*a + 2307564 = 210*a - 574902. Calculate the greatest common divisor of a and 36.
18
Suppose -221*u + 226*u - 1380 = 0. Calculate the highest common divisor of u and 3726.
138
Suppose 2*i = c - 2, 5*c + i + 3 = -2*i. Suppose 0*x - x + 4 = c. Suppose -x*k = -8*k + 168. What is the greatest common factor of 28 and k?
14
Let v = 4374 + -4209. Calculate the greatest common divisor of v and 20.
5
Let u(d) = -6*d**2 - 90*d - 200. Let n be u(-11). Calculate the greatest common factor of 752 and n.
16
Let u = 20533 + -14590. Calculate the greatest common divisor of u and 21.
21
Let i(h) = -h**3 + 19*h**2 + 46*h - 81. Suppose -3*o - 5*v + 73 = 0, -o - v + 23 = -0*o. Let g be i(o). What is the highest common factor of g and 3?
3
Suppose -3*k - 4*w = -14, 5*k + 16 = w + 1. Suppose -2*q = q. Let u be q + (-8 - -5) + (-126)/k. Calculate the greatest common factor of 24 and u.
12
Suppose 0 = -y + q - 3 + 1, 2*q - 9 = -3*y. Suppose 0 = -5*p - y - 9. Let g be (-2)/(5/(15/p)). Calculate the highest common factor of 27 and g.
3
Let h = -4640 + 8560. What is the highest common divisor of 16 and h?
16
Suppose 31*o + 238 = 45*o. Suppose -o*k = 582 - 14505. What is the highest common factor of 13 and k?
13
Let v be (-1 + 1*-144)*-1. Let d be (1 - 7)*(-7 + 210/12). Let w = d + v. What is the greatest common factor of 205 and w?
41
Let v be 42 + -52 + (3 - 2/(-2)). Let x be (((-576)/(-20))/(-8))/(v/100). Let o = 5 - -35. Calculate the highest common factor of x and o.
20
Let u be (((-32)/10)/(52/4030))/(-2). Suppose 513 + u = 7*l. Calculate the greatest common divisor of 14 and l.
7
Let v = -266 + 272. Suppose -v*c + 5*d = -3*c - 4, 2*c - 1 = 5*d. Suppose -z = -4*z + 36. Calculate the highest common divisor of c and z.
3
Suppose -f + 125 = 4*f. Suppose 5*y - 17425 = -8*y - 28*y. What is the greatest common factor of f and y?
25
Let t be (-4 + 0)*(-4)/16. Let v be (-25 - -23) + (t - -10). Calculate the greatest common factor of 207 and v.
9
Suppose 0 = 26*y - 4*y + 32*y - 18468. Calculate the greatest common divisor of y and 576.
18
Suppose 2 = -x, 2*x + 2 = -4*q - 3*x. Let v be -4*-69*q/8. What is the greatest common factor of v and 138?
69
Let p be (32/(-10) + 4)/(14/35). Suppose -15*v = -p*v - 312. Calculate the greatest common factor of 456 and v.
24
Suppose -153*l + 1864 = -145*l. Calculate the highest common divisor of l and 11417.
233
Let n be -3*(-12)/18 - (336/(-4) - 2). What is the highest common divisor of n and 6028?
44
Let u = 29077 - 29056. Calculate the greatest common divisor of u and 47271.
21
Let k = 2774 - 2759. Suppose -3*j = 3*j - 2880. Calculate the greatest common divisor of k and j.
15
Let d be (170/1)/34 + (1 - (-2 - 114)). Cal